12 (base 8) to base 12.
6b4b6
Convert 584840 (base 9) to base 5.
42220313
13226314 (base 9) to base 4
120312013312
Convert 4453531 (base 6) to base 13.
7b58c
What is 1552581 (base 11) in base 2?
1010000111110011000001
1411053 (base 7) to base 6
4004443
325755 (base 9) to base 5
22211111
Convert -173a3 (base 16) to base 7.
-544242
-202000640 (base 7) to base 6
-1100100342
-117192 (base 12) to base 4
-1010310332
-2c0e4 (base 16) to base 4
-230003210
Convert 353225 (base 7) to base 13.
22c22
Convert -1112201002221 (base 3) to base 13.
-229879
Convert -24372465 (base 8) to base 14.
-9db605
-123526641 (base 7) to base 6
-440214340
114c8 (base 13) to base 14
b730
Convert -23210506 (base 7) to base 11.
-11709a1
Convert 230015400 (base 6) to base 13.
b4153c
Convert 2763761 (base 10) to base 3.
12012102011112
Convert -d9f41 (base 16) to base 10.
-892737
Convert 372a (base 14) to base 16.
25aa
Convert -1b551 (base 15) to base 7.
-520222
452456 (base 7) to base 16
1391c
Convert 10354521 (base 6) to base 16.
4be11
Convert -2b298a (base 14) to base 2.
-101101111100100111110
142134022 (base 5) to base 2
10110100101000101111
Convert -b27ad (base 14) to base 2.
-1101000111000010101
What is 100010010010000011011101 (base 2) in base 10?
8986845
What is -12155435 (base 6) in base 5?
-44420001
Convert 2377a47 (base 11) to base 4.
33302211030
2c010 (base 13) to base 7
465303
What is 83510 (base 12) in base 15?
35d89
116252a (base 12) to base 15
466897
What is -303166 (base 7) in base 3?
-2121201011
Convert -30222221 (base 4) to base 13.
-1a7cb
Convert 2238cd7 (base 14) to base 11.
9206275
3045025 (base 7) to base 13
c9a6c
Convert 3498c (base 16) to base 14.
58724
331104123 (base 5) to base 7
15055042
Convert 250191 (base 12) to base 4.
2102313331
-2853714 (base 12) to base 11
-4613aa8
What is -43291e (base 15) in base 7?
-36120065
1143334 (base 7) to base 2
100011011101101101
What is 138088 (base 12) in base 14?
86600
Convert 633bb5 (base 12) to base 3.
2221100210202
Convert 21144100 (base 6) to base 3.
1011112000100
3eb1ad (base 15) to base 7
34464313
190b979 (base 13) to base 12
28b204a
bb1b0b (base 14) to base 8
30145577
Convert -102201001022 (base 3) to base 9.
-381038
-31024002 (base 6) to base 5
-211434142
Convert -2322204 (base 6) to base 10.
-119740
17243 (base 13) to base 11
30343
-348821 (base 9) to base 10
-209890
What is 12201110200 (base 3) in base 15?
23573
What is -1476532 (base 8) in base 13?
-11b77b
-123aa4 (base 11) to base 12
-95282
Convert 1000001100110110001 (base 2) to base 7.
2166305
-1300123 (base 4) to base 6
-53151
What is -110223423 (base 5) in base 6?
-14115042
Convert -44314011 (base 6) to base 3.
-2111122222021
-12330211322 (base 4) to base 14
-355910
-101201212112010 (base 3) to base 13
-1249c74
1010110110001110000 (base 2) to base 9
601513
Convert 2189519 (base 10) to base 15.
2d3b2e
Convert -31326 (base 12) to base 13.
-23409
Convert -211001210122 (base 3) to base 4.
-1222002203
What is 100021002220 (base 3) in base 16?
2c838
What is 4875875 (base 10) in base 16?
4a6663
8d897 (base 15) to base 8
1560401
What is -1030101423 (base 5) in base 7?
-24423233
Convert -2a8397 (base 11) to base 15.
-971a4
What is -110100101010101111 (base 2) in base 4?
-310222233
-135a5a (base 13) to base 2
-1110010101011011110
What is -57164 (base 16) in base 12?
-152518
Convert -22342034 (base 5) to base 11.
-126aa5
Convert 1b3529 (base 13) to base 6.
22504011
11200120402 (base 5) to base 10
12504477
Convert 1428715 (base 12) to base 2.
1111011001110000000001
Convert -234011414 (base 5) to base 7.
-12112504
-409cac (base 14) to base 11
-1258811
What is 3756b (base 12) in base 7?
431654
What is -126446 (base 9) in base 7?
-440142
What is -7da09 (base 14) in base 16?
-4ad79
Convert 3113224400 (base 5) to base 7.
105153423
Convert -213010100 (base 4) to base 5.
-20110031
-6119 (base 15) to base 12
-ba43
1170576 (base 9) to base 4
2123133123
What is 111001111101022 (base 3) in base 7?
112654622
What is -10406046 (base 7) in base 16?
-d9fbf
-18151252 (base 9) to base 14
-12d83b3
11502541 (base 6) to base 5
43203414
432755 (base 12) to base 9
1887782
What is -140004220 (base 5) in base 14?
-144633
What is 12101120220 (base 3) in base 7?
621300
Convert cca9b (base 15) to base 16.
9ec9c
What is 10817080 (base 10) in base 12?
3757a74
Convert -14296bb (base 12) to base 13.
-ab5759
What is 27bdc (base 15) in base 16?
1f245
ba9b7 (base 14) to base 13
12a929
What is -20b65 (base 13) in base 3?
-10000000120
-39b7813 (base 12) to base 7
-166141161
-12000021 (base 8) to base 5
-1132341312
Convert 30252353 (base 7) to base 13.
6a1927
What is -21213805 (base 9) in base 12?
-3511212
What is -131102110310 (base 4) in base 10?
-7677236
15170364 (base 9) to base 11
4294011
72235757 (base 8) to base 12
5151753
What is 110000111000001101 (base 2) in base 14?
52d65
What is -37a37 (base 11) in base 8?
-152332
-1776163 (base 8) to base 14
-d8a43
-96027 (base 14) to base 10
-362243
Convert -104165 (base 12) to base 13.
-8c678
-132058 (base 9) to base 8
-234563
-321332231 (base 4) to base 2
-111001111110101101
Convert 67966 (base 11) to base 13.
359a5
Convert -96472 (base 10) to base 9.
-156301
-235021 (base 9) to base 14
-39793
What is -38937 (base 12) in base 9?
-127117
-46919 (base 11) to base 10
-67659
Convert 12477 (base 15) to base 4.
32100103
What is -112202022 (base 4) in base 16?
-1688a
What is 1142152 (base 8) in base 10?
312426
3a702 (base 16) to base 12
b662a
Convert 852600 (base 9) to base 13.
149aab
-6c41e0 (base 15) to base 7
-62003202
-719779 (base 13) to base 6
-132434204
Convert 10110011110101010 (base 2) to base 11.
631a4
Convert -22a7a9 (base 15) to base 13.
-45c69c
-10201104 (base 5) to base 4
-110220301
Convert 101220102200 (base 3) to base 2.
110100011001110001
Convert -1001010000011001110101 (base 2) to base 12.
-990271
266863 (base 11) to base 9
707643
What is -105c (base 16) in base 6?
-31220
Convert -652066 (base 8) to base 15.
-44996
What is 74b37 (base 12) in base 14?
4001d
Convert -4083 (base 14) to base 5.
-323331
What is 3322405 (base 6) in base 12?
80405
What is 653044 (base 13) in base 3?
11110202220211
-2992216 (base 10) to base 8
-13324130
131332232 (base 4) to base 11
84295
What is -10042234 (base 5) in base 13?
-2aac6
What is -40115 (base 8) in base 13?
-7653
220222122110 (base 3) to base 4
1320010221
53a946 (base 12) to base 13
37512c
Convert -729472 (base 11) to base 14.
-22612d
-27433841 (base 9) to base 3
-221111010221101
Convert 2ff45a (base 16) to base 8.
13772132
What is 101011010101100000 (base 2) in base 14?
4898c
39030 (base 11) to base 16
da7f
-224445150 (base 6) to base 9
-7714313
Convert -1b0021a (base 12) to base 15.
-780c81
Convert 1e897c (base 15) to base 13.
405675
Convert 157033a (base 11) to base 15.
37dec4
40eb8 (base 15) to base 16
323ff
11458 (base 10) to base 12
676a
-1568876 (base 9) to base 8
-3250231
Convert 30354203 (base 6) to base 7.
10254030
1210211010001 (base 3) to base 7
11111320
23320100 (base 5) to base 7
1550152
17146330 (base 8) to base 3
21111102211210
What is -523432 (base 7) in base 4?
-111333211
-30f90 (base 16) to base 13
-703c2
201243354 (base 6) to base 15
47a7e4
Convert 1302013 (base 4) to base 15.
226d
Convert 1122112021011 (base 3) to base 10.
876451
Convert -17ba14 (base 12) to base 15.
-82bed
What is 102011011 (base 3) in base 10?
8131
What is -227358 (base 10) in base 5?
-24233413
Convert 13031100132 (base 4) to base 14.
37274a
-10111111101000011 (base 2) to base 16
-17f43
122120110020 (base 3) to base 11
216953
Convert 280b4 (base 15) to base 6.
2430311
Convert 400433344 (base 6) to base 13.
15263bc
What is 5615120 (base 8) in base 5?
341422224
What is -3042334 (base 5) in base 4?
-30020313
211301333 (base 4) to base 15
30cbb
Convert -131031 (base 11) to base 2.
-110010011000000011
Convert 870686 (base 10) to base 6.
30354542
What is -1100011110110010101111 (base 2) in base 11?
-1935214
21200000011010 (base 3) to base 11
2333254
What is -41c088 (base 15) in base 7?
-35410505
Convert 1225143 (base 7) to base 12.
77430
What is -14868 (base 9) in base 4?
-2133023
-2523148 (base 12) to base 10
-7262984
What is 3133223320 (base 4) in base 2?
11011111101011111000
-1115101 (base 7) to base 11
-9517